t is c(8)?
-7
Let h(a) = -4*a. Suppose l - 138 + 131 = 0. Suppose -x - 4*x = 5*y, -2*y + 5*x + l = 0. Determine h(y).
-4
Let r be 90/300*10/18. Let w(f) be the second derivative of -r*f**3 + 0 + f**2 + 5*f. Determine w(-3).
5
Let t = 65 - -5. Let i = 76 - t. Let r(u) = -u**3 + 7*u**2 - 5*u - 2. Determine r(i).
4
Suppose -5*b = -b + 2*u - 20, 0 = -3*b + u + 5. Let q(h) be the first derivative of -h + 1/3*h**b - 1/4*h**4 - 1 - 1/2*h**2. Calculate q(-1).
2
Let q(h) be the third derivative of -h**4/12 + h**3/6 + 6*h**2. Let y be 33/(-3) + (-6)/(-2). Let x = y + 7. Calculate q(x).
3
Let y(o) be the first derivative of 2*o**2 - o + 1. Let v(r) = -7*r + 2. Suppose -97*m = -99*m + 6. Let u(f) = m*v(f) + 5*y(f). Determine u(-4).
5
Let c(j) = 4*j**2 + 2*j + 4. Let o(k) be the third derivative of k**5/20 + k**4/8 + 2*k**3/3 + 20*k**2. Let u(q) = -4*c(q) + 5*o(q). Give u(7).
4
Let j(w) = w - 9. Let c(l) = 0*l - 2*l**2 + 2*l**2 - l - 9*l**3 - 2*l**2. Let p be c(-1). What is j(p)?
-1
Let i(d) = d**3 - 6*d**2 - 2*d - 2. Let f be 176/24 + (-2)/6. What is i(f)?
33
Let q(b) = -9*b - b + 22*b - 10 - b**2. What is q(11)?
1
Let l be (3/(-6))/(1*(-1)/6). Let g(p) = 5 + 5*p + p**l - 8*p**2 + 0 + p - 3. Calculate g(7).
-5
Let b be 6/(2/9 + (-16)/(-9)). Suppose -51*z = -48*z + b. Let j(c) = -4*c**3 + c. Determine j(z).
3
Let f be 2*(-2 + (-4)/(-8) - -2). Let i(w) = 3*w - 2. What is i(f)?
1
Let t be (112/(-35))/(2/(-5)). Suppose -t = -3*k - k. Let u(m) = 4*m + 7 + 2*m**k + 3*m + 0*m**2 - 3. What is u(-4)?
8
Let k(n) be the second derivative of n**5/20 - 3*n**4/4 + 3*n**3/2 - 2*n**2 - 48*n. Give k(8).
4
Suppose -2*d = -3*y, -5*y - 4 = -y - 4*d. Let g(o) be the second derivative of 0 - 2*o**y + 7*o + 1/6*o**3. Determine g(3).
-1
Let s(y) be the second derivative of 11*y**3/3 + y**2/2 - 22*y. Let z(p) = -43*p - 2. Let u(h) = -11*s(h) - 6*z(h). Calculate u(-1).
-15
Suppose 0 = -4*v - 3*i + 288, 299 = 4*v - 2*i - 9. Suppose 2*f = -3*f - v. Let s be (-38)/(-6) + 5/f. Let p(g) = -g**2 + 8*g - 7. What is p(s)?
5
Let n(a) be the third derivative of 0 - 1/12*a**4 + 0*a + 1/2*a**3 - 22*a**2. Determine n(2).
-1
Let g be (-10)/15 + 16/6. Suppose 4*r + 3*f = 27, 3*r + 22 = 7*r + g*f. Let t(i) = -i + 0 - 5 + 2. What is t(r)?
-6
Let t(w) be the second derivative of 7*w + 0 - 1/12*w**4 + 1/2*w**2 - w**3. Determine t(-5).
6
Let i(a) be the first derivative of -a**3/3 + 9*a**2/2 - 4*a + 8. Let l be i(8). Suppose -f - 3 = -l*f. Let y(o) = -12*o**3 + o**2 + o - 1. What is y(f)?
-11
Let q(r) be the second derivative of 2/3*r**3 + 0 + 2*r - 5/12*r**4 + 2*r**2 + 1/20*r**5. Let c = 9 + -5. Give q(c).
4
Suppose -2*w = 6, -83 = -5*q + 2*w - 6*w. Suppose 4 = 3*p + q. Let r(m) = m**2 + 3*m - 7. Calculate r(p).
3
Let y(z) = -4*z**2 - z - 19. Let q(g) = -2*g**2 - g - 9. Let f(m) = 9*q(m) - 4*y(m). Give f(-2).
-3
Let c(l) = 5*l**2 - 6*l + 7. Let x be c(1). Let s(k) = -k**2 + 7*k - 4. What is s(x)?
2
Let y(x) = x - 63 - 43 - 38 + 132. Give y(8).
-4
Let k(y) = 5*y**3 + 9*y**2 + 5*y + 7. Let w(c) = c**3 - c + 1. Let z(m) = k(m) - 4*w(m). Calculate z(-8).
-5
Let q = 37 - 45. Let b be 0 + ((-12)/(-16))/((-2)/q). Let m(v) = -v**3 + v**2 + 3*v - 2. What is m(b)?
-11
Let b(k) = k + 8. Let s(p) = -7*p - 104. Let o be s(-14). Calculate b(o).
2
Suppose -2*i - 13 + 1 = 0. Let j(q) = -q**2 - 3*q + 11. What is j(i)?
-7
Suppose -z - 2*z = -6. Let g be 2 + -37 + (-2)/z. Let w be g/(-9) + 0 + -3. Let l(a) = 7*a**3 - 2*a**2 + 2*a - 1. Determine l(w).
6
Let g(p) = 0 + 2*p**2 + 2960*p - 2960*p - 1 - 3. What is g(3)?
14
Let d = 191 + -187. Let u(m) be the third derivative of -6*m**2 - 1/24*m**d + 4/3*m**3 + 0 + 0*m. Calculate u(6).
2
Let g(i) = i**3 - 2*i**2 + i - 2. Let n be g(2). Suppose n = -2*t - 13 + 7. Let o(k) = 2*k**2 + 2*k + 4. Determine o(t).
16
Let k be (0 - 64/8) + 11. Let z(v) = -v**2 + 2*v - 4. Calculate z(k).
-7
Let b be -1*66/36 + (-5 - -7). Let n(v) be the second derivative of 0 - 1/2*v**2 + 5*v - b*v**3. What is n(3)?
-4
Let s = 19 + -26. Let d(z) be the first derivative of z**2 + 6*z - 67. Determine d(s).
-8
Let q(t) = -t**3 - 7*t**2 + 2*t + 10. Let x be q(-7). Let v(n) = 7*n**2 - 2*n + n**3 + 6*n - n**2. Calculate v(x).
16
Let q(a) = -a - 24. Let y(r) = -r**3 + 20*r**2 - 11*r - 152. Let p be y(19). Determine q(p).
-24
Let c be 294/(-4)*4/(-6). Let j = c + -56. Let o(t) be the second derivative of t**5/20 + 7*t**4/12 + t**3/3 + 7*t**2/2 - t. Calculate o(j).
-7
Suppose 4*n - 5 = -29. Let y(l) be the second derivative of -l**3/2 - l**2/2 - 9*l. What is y(n)?
17
Let p(o) = -o**3 - 5*o**2 + 5*o - 6. Let a be p(-6). Suppose 8 + a = -4*v. Let k(m) be the first derivative of -3*m**2/2 + 2. Give k(v).
6
Suppose 4*f + x - 11 = 0, 2*f - 23 + 5 = 2*x. Let n(o) be the third derivative of 4*o**2 + 0*o + 1/12*o**f - 1/3*o**3 + 0. What is n(-2)?
-6
Let g(u) be the third derivative of -1/24*u**4 + 0*u + 0 - 1/3*u**3 - 25*u**2. Calculate g(3).
-5
Let j(b) = 2 + 229*b**2 - 231*b**2 - b + 0 + 6*b. Let i be ((-4)/(-3))/((-2)/(-6)). Determine j(i).
-10
Let y(r) = -6*r - 3. Let a = -1916 - -1909. Give y(a).
39
Let q(b) = 7*b**2 - 15*b + 15. Let y(t) = 8*t**2 - 16*t + 16. Let w(n) = 7*q(n) - 6*y(n). Let o = 786 + -778. Determine w(o).
1
Let x(u) be the third derivative of u**6/120 + u**5/10 - u**4/12 + u**3/3 - 10*u**2 - 2. Calculate x(-6).
14
Let g(b) = -13*b. Let d(c) = 7*c + 1. Let u(t) = -2*d(t) - g(t). Give u(-6).
4
Let m(y) = y**2 - 3*y + 2. Suppose -5*a = -x - 12, -7*a + 12 = -4*a - 3*x. What is m(a)?
0
Suppose 3*s + 2*b = 10, -b + 8 = 5*s - 2*b. Let u(l) = -l**3 + 2*l**2 + 3*l - 5. What is u(s)?
1
Let w(k) = -k**2 + 5*k + 4. Let n = 105 + -98. Suppose 10*p - 18 = n*p. Calculate w(p).
-2
Let f(p) = p - 13. Let m(x) = -3*x + 33. Let z(c) = 9*f(c) + 4*m(c). Calculate z(9).
-12
Let a(u) be the second derivative of -u**4/6 - u**3/6 + 2*u**2 - 56*u. Calculate a(-3).
-11
Suppose -5*o - 24 = -8*o. Let y(d) = 28 - 29 + 4*d + 6*d**2 - 7*d**3 + o*d**3. Determine y(-5).
4
Suppose 0 = 5*x - 11 - 4. Let w(l) = 3*l**3 + 1 - 3*l + 0 + 2*l - 2*l**x. Let n(j) = -j - 3. Let a be n(-4). Determine w(a).
1
Let v(g) be the first derivative of -g**4/4 + 11*g**3/3 + g**2/2 - 7*g - 218. Give v(11).
4
Let s(y) = 13*y + 1. Let p(o) = 23*o + 1. Let a(l) = -p(l) + 2*s(l). Calculate a(-8).
-23
Let o(w) = 9*w**3 + 9*w**2 + 20*w - 18. Let z(b) = 5*b**3 + 5*b**2 + 11*b - 10. Let q(g) = -6*o(g) + 11*z(g). Determine q(2).
12
Let s = 7 - 3. Let h(c) = 5*c**2 - 3*c + 11. Let i(z) = 9*z**2 - 6*z + 20. Let q(g) = -7*h(g) + 4*i(g). Determine q(s).
7
Let t(z) = 443 - 5*z**2 - 5*z - 445 + z**3 + 3*z**2 + 0*z**2. Determine t(4).
10
Suppose -2*q + 10 = 0, -5 = h + 2*q - 3. Let c(a) = a**3 + 12*a**2 + a + 14. What is c(h)?
2
Let v(a) = a**2 - 4*a + 11. Let k(s) = -s**2 + 3*s - 12. Let m(n) = 5*k(n) + 6*v(n). What is m(8)?
-2
Let g(j) = -2*j - 4 + 6*j - 2*j - j. Let t be g(-9). Let w = t + 17. Let k(s) = 4*s - 6. Calculate k(w).
10
Let f(s) be the first derivative of -s**4/2 - s**3/6 + 15*s**2/2 + 14. Let x(h) be the second derivative of f(h). What is x(1)?
-13
Let z(j) = -j - 13 + 10 + 1. Suppose 4*u = 5*g - 41, -4*u + 0*g - 5*g = -9. What is z(u)?
2
Let q(r) = -4*r - 7. Let c(u) = -u - 1. Let a(o) = 7*o + 8. Let z(g) = a(g) + 3*c(g). Let h(s) = -5*q(s) - 6*z(s). Calculate h(5).
-15
Let c(s) = s**3 + s**2 - 1. Let j(d) = 11*d - 2 - d**2 - 2 + 6. Let a be j(11). Determine c(a).
11
Let s(m) = m + 3. Let r be 1*15*1*10/(-25). Let j(b) = 3*b + 24. Let x be j(r). Give s(x).
9
Suppose 2*s + 10*n = 6*n - 32, -3*s = -4*n - 2. Let k(h) = h**2 + 8*h - 5. What is k(s)?
-17
Let r be 2/6 + (-55)/(-33). Let h be (4 + (-190)/25)/((-2)/5). Suppose -2*o - c = r*o - h, 14 = -o + 3*c. Let p(u) = 6*u - 1. Give p(o).
5
Let k(i) be the second derivative of -i**5/20 + i**4 + 8*i**3/3 - 14*i**2 - 413*i. Determine k(13).
11
Let n(s) = s + 8. Suppose 5*z - 3*u = 655, -u - 90 = -2*z + 171. Let q = z + -134. Give n(q).
2
Let g(w) = 9*w**3 + 15*w**2 + 11*w - 9. Let s(z) = 5*z**3 + 8*z**2 + 6*z - 5. Let x = -105 - -94. Let b(r) = x*s(r) + 6*g(r). What is b(3)?
-8
Let i(l) be the first derivative of 8/3*l**3 - 7/2*l**2 + 11 - 1/4*l**4 - 8*l. Calculate i(7).
-8
Suppose 3*g + 3*m = 5*g, m = 4*g. Let s(c) = -2*c - 4. Give s(g).
-4
Let u(o) = -o**3 + 5*o**2 - o + 7. Let h(m) = 27*m - 22. Let